{"id":6316,"date":"2024-02-18T11:33:01","date_gmt":"2024-02-18T11:33:01","guid":{"rendered":"https:\/\/mindbodysoul-academy.de\/shop\/?post_type=product&#038;p=6316"},"modified":"2026-05-06T11:34:42","modified_gmt":"2026-05-06T11:34:42","slug":"praxisseminar","status":"publish","type":"product","link":"https:\/\/mindbodysoul-academy.de\/shop\/produkt\/praxisseminar\/","title":{"rendered":"Digitales Workbook &#038; Online-Live-Unterricht f\u00fcr den praktischen Teil der Pr\u00fcfungDie Untersuchungsmethoden"},"content":{"rendered":"<div>\n<div>\n<h5><span style=\"vertical-align: inherit;\"><span style=\"vertical-align: inherit;\"><span style=\"vertical-align: inherit;\"><span style=\"vertical-align: inherit;\"><span style=\"vertical-align: inherit;\"><span style=\"vertical-align: inherit;\"><span style=\"vertical-align: inherit;\"><span style=\"vertical-align: inherit;\"><span style=\"vertical-align: inherit;\"><span style=\"vertical-align: inherit;\"><span style=\"vertical-align: inherit;\"><span style=\"vertical-align: inherit;\"><span style=\"vertical-align: inherit;\"><span style=\"vertical-align: inherit;\"><span style=\"vertical-align: inherit;\"><span style=\"vertical-align: inherit;\"><span style=\"vertical-align: inherit;\"><span style=\"vertical-align: inherit;\">Untersuchungsmethoden nach IPPAF- Schema- Injektionen- Notfallmanagement<\/span><\/span><\/span><\/span><\/span><\/span><\/span><\/span><\/span><\/span><\/span><\/span><\/span><\/span><\/span><\/span><\/span><\/span><\/h5>\n<h5><\/h5>\n<p><span style=\"vertical-align: inherit;\"><span style=\"vertical-align: inherit;\"><span style=\"vertical-align: inherit;\"><span style=\"vertical-align: inherit;\"><span style=\"vertical-align: inherit;\"><span style=\"vertical-align: inherit;\"><span style=\"vertical-align: inherit;\"><span style=\"vertical-align: inherit;\"><span style=\"vertical-align: inherit;\"><span style=\"vertical-align: inherit;\"><span style=\"vertical-align: inherit;\"><span style=\"vertical-align: inherit;\"><span style=\"vertical-align: inherit;\"><span style=\"vertical-align: inherit;\"><span style=\"vertical-align: inherit;\"><span style=\"vertical-align: inherit;\"><span style=\"vertical-align: inherit;\"><span style=\"vertical-align: inherit;\"><span style=\"vertical-align: inherit;\"><span style=\"vertical-align: inherit;\"><span style=\"vertical-align: inherit;\"><span style=\"vertical-align: inherit;\"><span style=\"vertical-align: inherit;\"><span style=\"vertical-align: inherit;\"><span style=\"vertical-align: inherit;\"><span style=\"vertical-align: inherit;\"><span style=\"vertical-align: inherit;\"><span style=\"vertical-align: inherit;\"><span style=\"vertical-align: inherit;\"><span style=\"vertical-align: inherit;\"><span style=\"vertical-align: inherit;\"><span style=\"vertical-align: inherit;\"><span style=\"vertical-align: inherit;\"><span style=\"vertical-align: inherit;\"><span style=\"vertical-align: inherit;\"><span style=\"vertical-align: inherit;\">Erlerne systematisch alle relevanten Themen, speziell f\u00fcr den praktischen Teil der m\u00fcndlichen Heilpraktikerpr\u00fcfung.<\/span><\/span><\/span><\/span><\/span><\/span><\/span><\/span><\/span><\/span><\/span><\/span><\/span><\/span><\/span><\/span><\/span><\/span><\/span><\/span><\/span><\/span><\/span><\/span><\/span><\/span><\/span><\/span><\/span><\/span><\/span><\/span><\/span><\/span><\/span><\/span><\/p>\n<\/div>\n<div>\n<p><span style=\"vertical-align: inherit;\"><span style=\"vertical-align: inherit;\"><span style=\"vertical-align: inherit;\"><span style=\"vertical-align: inherit;\"><span style=\"vertical-align: inherit;\"><span style=\"vertical-align: inherit;\"><span style=\"vertical-align: inherit;\"><span style=\"vertical-align: inherit;\"><span style=\"vertical-align: inherit;\"><span style=\"vertical-align: inherit;\"><span style=\"vertical-align: inherit;\"><span style=\"vertical-align: inherit;\"><span style=\"vertical-align: inherit;\"><span style=\"vertical-align: inherit;\"><span style=\"vertical-align: inherit;\"><span style=\"vertical-align: inherit;\"><span style=\"vertical-align: inherit;\"><span style=\"vertical-align: inherit;\"><span style=\"vertical-align: inherit;\"><span style=\"vertical-align: inherit;\"><span style=\"vertical-align: inherit;\"><span style=\"vertical-align: inherit;\"><span style=\"vertical-align: inherit;\"><span style=\"vertical-align: inherit;\"><span style=\"vertical-align: inherit;\"><span style=\"vertical-align: inherit;\"><span style=\"vertical-align: inherit;\"><span style=\"vertical-align: inherit;\"><span style=\"vertical-align: inherit;\"><span style=\"vertical-align: inherit;\"><span style=\"vertical-align: inherit;\"><span style=\"vertical-align: inherit;\"><span style=\"vertical-align: inherit;\"><span style=\"vertical-align: inherit;\"><span style=\"vertical-align: inherit;\"><span style=\"vertical-align: inherit;\">Das Workbook zum Sofort-Download bietet die M\u00f6glichkeit, die Themen vorab auszuarbeiten, eigene Notizen und Fragestellungen einzubringen, um den Lernprozess zu unterst\u00fctzen.\u00a0<\/span><\/span><\/span><\/span><\/span><\/span><\/span><\/span><\/span><\/span><\/span><\/span><\/span><\/span><\/span><\/span><\/span><\/span><\/span><\/span><\/span><\/span><\/span><\/span><\/span><\/span><\/span><\/span><\/span><\/span><\/span><\/span><\/span><\/span><\/span><\/span><\/p>\n<\/div>\n<ul>\n<li>\ud83d\udca1 Allgemeines zur k\u00f6rperlichen Untersuchung und Anamnese<\/li>\n<li>\ud83e\uddf4 Hygiene\n<ul>\n<li>H\u00e4ndedesinfektion<\/li>\n<\/ul>\n<\/li>\n<li>\ud83d\udd0d Ablauf der k\u00f6rperlichen Untersuchung nach IPPAF:\n<ul>\n<li>Ausgew\u00e4hlte Untersuchungsmethoden:\n<ul>\n<li>Herz-Kreislauf-System<\/li>\n<li>Atemapparat<\/li>\n<li>Gastrointestinaltrakt<\/li>\n<li>Bewegungsapparat<\/li>\n<li>Sinnesorgane<\/li>\n<\/ul>\n<\/li>\n<\/ul>\n<\/li>\n<li>\ud83d\udc89 Injektionen:\n<ul>\n<li>Intramuskul\u00e4re Injektion<\/li>\n<li>Intraven\u00f6se Injektion<\/li>\n<li>Legen eines intraven\u00f6sen Zugangs (Braun\u00fcle)<\/li>\n<\/ul>\n<\/li>\n<li>\ud83d\udea8 Notfallmanagement:\n<ul>\n<li>Lagerungen nach Schockgeschehen<\/li>\n<li>Reanimation<\/li>\n<\/ul>\n<\/li>\n<li>\ud83e\ude7a Praktische \u00dcbung<\/li>\n<li>\u2753 Fragerunde<\/li>\n<\/ul>\n<\/div>\n<h5><span style=\"vertical-align: inherit;\"><span style=\"vertical-align: inherit;\"><span style=\"vertical-align: inherit;\"><span style=\"vertical-align: inherit;\"><span style=\"vertical-align: inherit;\"><span style=\"vertical-align: inherit;\"><span style=\"vertical-align: inherit;\"><span style=\"vertical-align: inherit;\"><span style=\"vertical-align: inherit;\"><span style=\"vertical-align: inherit;\"><span style=\"vertical-align: inherit;\"><span style=\"vertical-align: inherit;\"><span style=\"vertical-align: inherit;\"><span style=\"vertical-align: inherit;\"><span style=\"vertical-align: inherit;\"><span style=\"vertical-align: inherit;\"><span style=\"vertical-align: inherit;\"><span style=\"vertical-align: inherit;\"><span style=\"vertical-align: inherit;\"><span style=\"vertical-align: inherit;\"><span style=\"vertical-align: inherit;\"><span style=\"vertical-align: inherit;\"><span style=\"vertical-align: inherit;\"><span style=\"vertical-align: inherit;\"><span style=\"vertical-align: inherit;\"><span style=\"vertical-align: inherit;\"><span style=\"vertical-align: inherit;\"><span style=\"vertical-align: inherit;\"><span style=\"vertical-align: inherit;\"><span style=\"vertical-align: inherit;\"><span style=\"vertical-align: inherit;\"><span style=\"vertical-align: inherit;\"><span style=\"vertical-align: inherit;\"><span style=\"vertical-align: inherit;\"><span style=\"vertical-align: inherit;\"><span style=\"vertical-align: inherit;\"><span style=\"vertical-align: inherit;\"><span style=\"vertical-align: inherit;\">Pr\u00e4senzunterricht zu den relevanten Themen f\u00fcr den praktischen Teil der m\u00fcndlichen Heilpraktikerpr\u00fcfung, inklusive Workbook Untersuchungsmethoden, Blickdiagnostik und Notfallmanagement zum Sofort- Download. Maximal werden 8 Pl\u00e4tze vergeben.<\/span><\/span><\/span><\/span><\/span><\/span><\/span><\/span><\/span><\/span><\/span><\/span><\/span><\/span><\/span><\/span><\/span><\/span><\/span><\/span><\/span><\/span><\/span><\/span><\/span><\/span><\/span><\/span><\/span><\/span><\/span><\/span><\/span><\/span><\/span><\/span><\/span><\/span><\/h5>\n<p>&nbsp;<\/p>\n<p>&nbsp;<\/p>\n","protected":false},"excerpt":{"rendered":"<p><span style=\"vertical-align: inherit;\"><span style=\"vertical-align: inherit;\"><span style=\"vertical-align: inherit;\"><span style=\"vertical-align: inherit;\"><span style=\"vertical-align: inherit;\"><span style=\"vertical-align: inherit;\"><span style=\"vertical-align: inherit;\"><span style=\"vertical-align: inherit;\"><span style=\"vertical-align: inherit;\"><span style=\"vertical-align: inherit;\"><span style=\"vertical-align: inherit;\"><span style=\"vertical-align: inherit;\"><span style=\"vertical-align: inherit;\">Erlerne systematisch alle relevanten Untersuchungsmethoden, speziell f\u00fcr den praktischen Teil der m\u00fcndlichen Heilpraktiker-Pr\u00fcfung, inklusive Workbook Untersuchungsmethoden, Blickdiagnostik und Notfallmanagement<\/span><\/span><\/span><\/span><\/span><\/span><\/span><\/span><\/span><\/span><\/span><\/span><\/span><\/p>\n<p>\ud83d\udcc5 <strong>Wann?<\/strong> Termin folgt<br \/>\n\ud83d\udccd <strong>Wo?<\/strong> Bildungsinstitut der Barmherzigen Br\u00fcder in Trier<\/p>\n<p>&nbsp;<\/p>\n<p>&nbsp;<\/p>\n","protected":false},"featured_media":6636,"comment_status":"open","ping_status":"closed","template":"","meta":{"_bbp_topic_count":0,"_bbp_reply_count":0,"_bbp_total_topic_count":0,"_bbp_total_reply_count":0,"_bbp_voice_count":0,"_bbp_anonymous_reply_count":0,"_bbp_topic_count_hidden":0,"_bbp_reply_count_hidden":0,"_bbp_forum_subforum_count":0,"om_disable_all_campaigns":false,"_monsterinsights_skip_tracking":false,"_monsterinsights_sitenote_active":false,"_monsterinsights_sitenote_note":"","_monsterinsights_sitenote_category":0,"site-sidebar-layout":"default","site-content-layout":"","ast-site-content-layout":"default","site-content-style":"default","site-sidebar-style":"default","ast-global-header-display":"","ast-banner-title-visibility":"","ast-main-header-display":"","ast-hfb-above-header-display":"","ast-hfb-below-header-display":"","ast-hfb-mobile-header-display":"","site-post-title":"","ast-breadcrumbs-content":"","ast-featured-img":"","footer-sml-layout":"","ast-disable-related-posts":"","theme-transparent-header-meta":"default","adv-header-id-meta":"","stick-header-meta":"","header-above-stick-meta":"","header-main-stick-meta":"","header-below-stick-meta":"","astra-migrate-meta-layouts":"set","ast-page-background-enabled":"default","ast-page-background-meta":{"desktop":{"background-color":"var(--ast-global-color-4)","background-image":"","background-repeat":"repeat","background-position":"center center","background-size":"auto","background-attachment":"scroll","background-type":"","background-media":"","overlay-type":"","overlay-color":"","overlay-opacity":"","overlay-gradient":""},"tablet":{"background-color":"","background-image":"","background-repeat":"repeat","background-position":"center center","background-size":"auto","background-attachment":"scroll","background-type":"","background-media":"","overlay-type":"","overlay-color":"","overlay-opacity":"","overlay-gradient":""},"mobile":{"background-color":"","background-image":"","background-repeat":"repeat","background-position":"center center","background-size":"auto","background-attachment":"scroll","background-type":"","background-media":"","overlay-type":"","overlay-color":"","overlay-opacity":"","overlay-gradient":""}},"ast-content-background-meta":{"desktop":{"background-color":"var(--ast-global-color-5)","background-image":"","background-repeat":"repeat","background-position":"center center","background-size":"auto","background-attachment":"scroll","background-type":"","background-media":"","overlay-type":"","overlay-color":"","overlay-opacity":"","overlay-gradient":""},"tablet":{"background-color":"var(--ast-global-color-5)","background-image":"","background-repeat":"repeat","background-position":"center center","background-size":"auto","background-attachment":"scroll","background-type":"","background-media":"","overlay-type":"","overlay-color":"","overlay-opacity":"","overlay-gradient":""},"mobile":{"background-color":"var(--ast-global-color-5)","background-image":"","background-repeat":"repeat","background-position":"center center","background-size":"auto","background-attachment":"scroll","background-type":"","background-media":"","overlay-type":"","overlay-color":"","overlay-opacity":"","overlay-gradient":""}}},"product_brand":[],"product_cat":[35,23,22],"product_tag":[36,37],"class_list":{"0":"post-6316","1":"product","2":"type-product","3":"status-publish","4":"has-post-thumbnail","6":"product_cat-heilpraktiker-ausbildung","7":"product_cat-pruefungsvorbereitung","8":"product_cat-workbooks","9":"product_tag-heilpraktiker-ausbildung","10":"product_tag-heilpraktiker-pruefungsvorbereitung","11":"desktop-align-left","12":"tablet-align-left","13":"mobile-align-left","15":"first","16":"instock","17":"purchasable","18":"product-type-variable"},"yoast_head":"<!-- This site is optimized with the Yoast SEO plugin v27.5 - https:\/\/yoast.com\/product\/yoast-seo-wordpress\/ -->\n<title>Heilpraktiker- Pr\u00fcfungsvorbereitung Untersuchungsmethoden<\/title>\n<meta name=\"description\" content=\"Erlerne systematisch alle pr\u00fcfungsrelevanten Untersuchungsmethoden, inklusive Workbook &quot;Untersuchungsmethoden&quot; und &quot;Notfallmanagement&quot;\" \/>\n<meta name=\"robots\" content=\"index, follow, max-snippet:-1, max-image-preview:large, max-video-preview:-1\" \/>\n<link rel=\"canonical\" href=\"https:\/\/mindbodysoul-academy.de\/shop\/produkt\/praxisseminar\/\" \/>\n<meta property=\"og:locale\" content=\"de_DE\" \/>\n<meta property=\"og:type\" content=\"article\" \/>\n<meta property=\"og:title\" content=\"Heilpraktiker- Pr\u00fcfungsvorbereitung Untersuchungsmethoden\" \/>\n<meta property=\"og:description\" content=\"Erlerne systematisch alle pr\u00fcfungsrelevanten Untersuchungsmethoden, inklusive Workbook &quot;Untersuchungsmethoden&quot; und &quot;Notfallmanagement&quot;\" \/>\n<meta property=\"og:url\" content=\"https:\/\/mindbodysoul-academy.de\/shop\/produkt\/praxisseminar\/\" \/>\n<meta property=\"og:site_name\" content=\"Mind-Body-Soul ACADEMY Online- Shop\" \/>\n<meta property=\"article:publisher\" content=\"https:\/\/www.facebook.com\/groups\/607787847547864\" \/>\n<meta property=\"article:modified_time\" content=\"2026-05-06T11:34:42+00:00\" \/>\n<meta property=\"og:image\" content=\"https:\/\/mindbodysoul-academy.de\/shop\/wp-content\/uploads\/2024\/02\/Anatomie-19.png\" \/>\n\t<meta property=\"og:image:width\" content=\"1080\" \/>\n\t<meta property=\"og:image:height\" content=\"1080\" \/>\n\t<meta property=\"og:image:type\" content=\"image\/png\" \/>\n<meta name=\"twitter:card\" content=\"summary_large_image\" \/>\n<meta name=\"twitter:label1\" content=\"Gesch\u00e4tzte Lesezeit\" \/>\n\t<meta name=\"twitter:data1\" content=\"1\u00a0Minute\" \/>\n<script type=\"application\/ld+json\" class=\"yoast-schema-graph\">{\"@context\":\"https:\\\/\\\/schema.org\",\"@graph\":[{\"@type\":\"WebPage\",\"@id\":\"https:\\\/\\\/mindbodysoul-academy.de\\\/shop\\\/produkt\\\/praxisseminar\\\/\",\"url\":\"https:\\\/\\\/mindbodysoul-academy.de\\\/shop\\\/produkt\\\/praxisseminar\\\/\",\"name\":\"Heilpraktiker- Pr\u00fcfungsvorbereitung Untersuchungsmethoden\",\"isPartOf\":{\"@id\":\"https:\\\/\\\/mindbodysoul-academy.de\\\/shop\\\/#website\"},\"primaryImageOfPage\":{\"@id\":\"https:\\\/\\\/mindbodysoul-academy.de\\\/shop\\\/produkt\\\/praxisseminar\\\/#primaryimage\"},\"image\":{\"@id\":\"https:\\\/\\\/mindbodysoul-academy.de\\\/shop\\\/produkt\\\/praxisseminar\\\/#primaryimage\"},\"thumbnailUrl\":\"https:\\\/\\\/mindbodysoul-academy.de\\\/shop\\\/wp-content\\\/uploads\\\/2024\\\/02\\\/Anatomie-19.png\",\"datePublished\":\"2024-02-18T11:33:01+00:00\",\"dateModified\":\"2026-05-06T11:34:42+00:00\",\"description\":\"Erlerne systematisch alle pr\u00fcfungsrelevanten Untersuchungsmethoden, inklusive Workbook \\\"Untersuchungsmethoden\\\" und \\\"Notfallmanagement\\\"\",\"breadcrumb\":{\"@id\":\"https:\\\/\\\/mindbodysoul-academy.de\\\/shop\\\/produkt\\\/praxisseminar\\\/#breadcrumb\"},\"inLanguage\":\"de\",\"potentialAction\":[{\"@type\":\"ReadAction\",\"target\":[\"https:\\\/\\\/mindbodysoul-academy.de\\\/shop\\\/produkt\\\/praxisseminar\\\/\"]}]},{\"@type\":\"ImageObject\",\"inLanguage\":\"de\",\"@id\":\"https:\\\/\\\/mindbodysoul-academy.de\\\/shop\\\/produkt\\\/praxisseminar\\\/#primaryimage\",\"url\":\"https:\\\/\\\/mindbodysoul-academy.de\\\/shop\\\/wp-content\\\/uploads\\\/2024\\\/02\\\/Anatomie-19.png\",\"contentUrl\":\"https:\\\/\\\/mindbodysoul-academy.de\\\/shop\\\/wp-content\\\/uploads\\\/2024\\\/02\\\/Anatomie-19.png\",\"width\":1080,\"height\":1080},{\"@type\":\"BreadcrumbList\",\"@id\":\"https:\\\/\\\/mindbodysoul-academy.de\\\/shop\\\/produkt\\\/praxisseminar\\\/#breadcrumb\",\"itemListElement\":[{\"@type\":\"ListItem\",\"position\":1,\"name\":\"Home\",\"item\":\"https:\\\/\\\/mindbodysoul-academy.de\\\/shop\\\/\"},{\"@type\":\"ListItem\",\"position\":2,\"name\":\"Shop\",\"item\":\"https:\\\/\\\/mindbodysoul-academy.de\\\/shop\\\/\"},{\"@type\":\"ListItem\",\"position\":3,\"name\":\"Digitales Workbook &#038; Online-Live-Unterricht f\u00fcr den praktischen Teil der Pr\u00fcfungDie Untersuchungsmethoden\"}]},{\"@type\":\"WebSite\",\"@id\":\"https:\\\/\\\/mindbodysoul-academy.de\\\/shop\\\/#website\",\"url\":\"https:\\\/\\\/mindbodysoul-academy.de\\\/shop\\\/\",\"name\":\"Mind-Body-Soul ACADEMY Online- Shop\",\"description\":\"Lehrinstitut f\u00fcr Heilpraktiker und Astrologie\",\"publisher\":{\"@id\":\"https:\\\/\\\/mindbodysoul-academy.de\\\/shop\\\/#\\\/schema\\\/person\\\/a9cd1a463d38004da101a627cc075306\"},\"potentialAction\":[{\"@type\":\"SearchAction\",\"target\":{\"@type\":\"EntryPoint\",\"urlTemplate\":\"https:\\\/\\\/mindbodysoul-academy.de\\\/shop\\\/?s={search_term_string}\"},\"query-input\":{\"@type\":\"PropertyValueSpecification\",\"valueRequired\":true,\"valueName\":\"search_term_string\"}}],\"inLanguage\":\"de\"},{\"@type\":[\"Person\",\"Organization\"],\"@id\":\"https:\\\/\\\/mindbodysoul-academy.de\\\/shop\\\/#\\\/schema\\\/person\\\/a9cd1a463d38004da101a627cc075306\",\"name\":\"Olga Erler\",\"image\":{\"@type\":\"ImageObject\",\"inLanguage\":\"de\",\"@id\":\"https:\\\/\\\/mindbodysoul-academy.de\\\/wp-content\\\/uploads\\\/2022\\\/06\\\/olga-erler.1024x1024.jpg\",\"url\":\"https:\\\/\\\/mindbodysoul-academy.de\\\/wp-content\\\/uploads\\\/2022\\\/06\\\/olga-erler.1024x1024.jpg\",\"contentUrl\":\"https:\\\/\\\/mindbodysoul-academy.de\\\/wp-content\\\/uploads\\\/2022\\\/06\\\/olga-erler.1024x1024.jpg\",\"width\":1024,\"height\":1024,\"caption\":\"Olga Erler\"},\"logo\":{\"@id\":\"https:\\\/\\\/mindbodysoul-academy.de\\\/wp-content\\\/uploads\\\/2022\\\/06\\\/olga-erler.1024x1024.jpg\"},\"sameAs\":[\"https:\\\/\\\/mindbodysoul-academy.de\\\/\",\"https:\\\/\\\/www.facebook.com\\\/groups\\\/607787847547864\",\"https:\\\/\\\/www.instagram.com\\\/olga.erler.mindbodysoulacademy\\\/\"]}]}<\/script>\n<!-- \/ Yoast SEO plugin. -->","yoast_head_json":{"title":"Heilpraktiker- Pr\u00fcfungsvorbereitung Untersuchungsmethoden","description":"Erlerne systematisch alle pr\u00fcfungsrelevanten Untersuchungsmethoden, inklusive Workbook \"Untersuchungsmethoden\" und \"Notfallmanagement\"","robots":{"index":"index","follow":"follow","max-snippet":"max-snippet:-1","max-image-preview":"max-image-preview:large","max-video-preview":"max-video-preview:-1"},"canonical":"https:\/\/mindbodysoul-academy.de\/shop\/produkt\/praxisseminar\/","og_locale":"de_DE","og_type":"article","og_title":"Heilpraktiker- Pr\u00fcfungsvorbereitung Untersuchungsmethoden","og_description":"Erlerne systematisch alle pr\u00fcfungsrelevanten Untersuchungsmethoden, inklusive Workbook \"Untersuchungsmethoden\" und \"Notfallmanagement\"","og_url":"https:\/\/mindbodysoul-academy.de\/shop\/produkt\/praxisseminar\/","og_site_name":"Mind-Body-Soul ACADEMY Online- Shop","article_publisher":"https:\/\/www.facebook.com\/groups\/607787847547864","article_modified_time":"2026-05-06T11:34:42+00:00","og_image":[{"width":1080,"height":1080,"url":"https:\/\/mindbodysoul-academy.de\/shop\/wp-content\/uploads\/2024\/02\/Anatomie-19.png","type":"image\/png"}],"twitter_card":"summary_large_image","twitter_misc":{"Gesch\u00e4tzte Lesezeit":"1\u00a0Minute"},"schema":{"@context":"https:\/\/schema.org","@graph":[{"@type":"WebPage","@id":"https:\/\/mindbodysoul-academy.de\/shop\/produkt\/praxisseminar\/","url":"https:\/\/mindbodysoul-academy.de\/shop\/produkt\/praxisseminar\/","name":"Heilpraktiker- Pr\u00fcfungsvorbereitung Untersuchungsmethoden","isPartOf":{"@id":"https:\/\/mindbodysoul-academy.de\/shop\/#website"},"primaryImageOfPage":{"@id":"https:\/\/mindbodysoul-academy.de\/shop\/produkt\/praxisseminar\/#primaryimage"},"image":{"@id":"https:\/\/mindbodysoul-academy.de\/shop\/produkt\/praxisseminar\/#primaryimage"},"thumbnailUrl":"https:\/\/mindbodysoul-academy.de\/shop\/wp-content\/uploads\/2024\/02\/Anatomie-19.png","datePublished":"2024-02-18T11:33:01+00:00","dateModified":"2026-05-06T11:34:42+00:00","description":"Erlerne systematisch alle pr\u00fcfungsrelevanten Untersuchungsmethoden, inklusive Workbook \"Untersuchungsmethoden\" und \"Notfallmanagement\"","breadcrumb":{"@id":"https:\/\/mindbodysoul-academy.de\/shop\/produkt\/praxisseminar\/#breadcrumb"},"inLanguage":"de","potentialAction":[{"@type":"ReadAction","target":["https:\/\/mindbodysoul-academy.de\/shop\/produkt\/praxisseminar\/"]}]},{"@type":"ImageObject","inLanguage":"de","@id":"https:\/\/mindbodysoul-academy.de\/shop\/produkt\/praxisseminar\/#primaryimage","url":"https:\/\/mindbodysoul-academy.de\/shop\/wp-content\/uploads\/2024\/02\/Anatomie-19.png","contentUrl":"https:\/\/mindbodysoul-academy.de\/shop\/wp-content\/uploads\/2024\/02\/Anatomie-19.png","width":1080,"height":1080},{"@type":"BreadcrumbList","@id":"https:\/\/mindbodysoul-academy.de\/shop\/produkt\/praxisseminar\/#breadcrumb","itemListElement":[{"@type":"ListItem","position":1,"name":"Home","item":"https:\/\/mindbodysoul-academy.de\/shop\/"},{"@type":"ListItem","position":2,"name":"Shop","item":"https:\/\/mindbodysoul-academy.de\/shop\/"},{"@type":"ListItem","position":3,"name":"Digitales Workbook &#038; Online-Live-Unterricht f\u00fcr den praktischen Teil der Pr\u00fcfungDie Untersuchungsmethoden"}]},{"@type":"WebSite","@id":"https:\/\/mindbodysoul-academy.de\/shop\/#website","url":"https:\/\/mindbodysoul-academy.de\/shop\/","name":"Mind-Body-Soul ACADEMY Online- Shop","description":"Lehrinstitut f\u00fcr Heilpraktiker und Astrologie","publisher":{"@id":"https:\/\/mindbodysoul-academy.de\/shop\/#\/schema\/person\/a9cd1a463d38004da101a627cc075306"},"potentialAction":[{"@type":"SearchAction","target":{"@type":"EntryPoint","urlTemplate":"https:\/\/mindbodysoul-academy.de\/shop\/?s={search_term_string}"},"query-input":{"@type":"PropertyValueSpecification","valueRequired":true,"valueName":"search_term_string"}}],"inLanguage":"de"},{"@type":["Person","Organization"],"@id":"https:\/\/mindbodysoul-academy.de\/shop\/#\/schema\/person\/a9cd1a463d38004da101a627cc075306","name":"Olga Erler","image":{"@type":"ImageObject","inLanguage":"de","@id":"https:\/\/mindbodysoul-academy.de\/wp-content\/uploads\/2022\/06\/olga-erler.1024x1024.jpg","url":"https:\/\/mindbodysoul-academy.de\/wp-content\/uploads\/2022\/06\/olga-erler.1024x1024.jpg","contentUrl":"https:\/\/mindbodysoul-academy.de\/wp-content\/uploads\/2022\/06\/olga-erler.1024x1024.jpg","width":1024,"height":1024,"caption":"Olga Erler"},"logo":{"@id":"https:\/\/mindbodysoul-academy.de\/wp-content\/uploads\/2022\/06\/olga-erler.1024x1024.jpg"},"sameAs":["https:\/\/mindbodysoul-academy.de\/","https:\/\/www.facebook.com\/groups\/607787847547864","https:\/\/www.instagram.com\/olga.erler.mindbodysoulacademy\/"]}]}},"_links":{"self":[{"href":"https:\/\/mindbodysoul-academy.de\/shop\/wp-json\/wp\/v2\/product\/6316","targetHints":{"allow":["GET"]}}],"collection":[{"href":"https:\/\/mindbodysoul-academy.de\/shop\/wp-json\/wp\/v2\/product"}],"about":[{"href":"https:\/\/mindbodysoul-academy.de\/shop\/wp-json\/wp\/v2\/types\/product"}],"replies":[{"embeddable":true,"href":"https:\/\/mindbodysoul-academy.de\/shop\/wp-json\/wp\/v2\/comments?post=6316"}],"wp:featuredmedia":[{"embeddable":true,"href":"https:\/\/mindbodysoul-academy.de\/shop\/wp-json\/wp\/v2\/media\/6636"}],"wp:attachment":[{"href":"https:\/\/mindbodysoul-academy.de\/shop\/wp-json\/wp\/v2\/media?parent=6316"}],"wp:term":[{"taxonomy":"product_brand","embeddable":true,"href":"https:\/\/mindbodysoul-academy.de\/shop\/wp-json\/wp\/v2\/product_brand?post=6316"},{"taxonomy":"product_cat","embeddable":true,"href":"https:\/\/mindbodysoul-academy.de\/shop\/wp-json\/wp\/v2\/product_cat?post=6316"},{"taxonomy":"product_tag","embeddable":true,"href":"https:\/\/mindbodysoul-academy.de\/shop\/wp-json\/wp\/v2\/product_tag?post=6316"}],"curies":[{"name":"wp","href":"https:\/\/api.w.org\/{rel}","templated":true}]}}